of n and 104.
104
Let k(s) = -s**3 + 5*s**2 - 2*s + 5. Let x be k(4). Let a = -218 + 218. Let u = a + x. Calculate the highest common divisor of u and 91.
13
Let j be (-4)/(-10)*17/(476/3220). Calculate the highest common divisor of j and 5198.
46
Let i be 10 + (4 - 18) + 182. What is the greatest common factor of i and 1602?
178
Let c be (-18)/(-3)*2/3. Suppose -u + 300 = -5*x + 2*u, -4*x + c*u - 248 = 0. Let r = x + 66. What is the greatest common factor of r and 15?
3
Suppose -k = -2405 + 2183. What is the highest common factor of 4033 and k?
37
Let u = 375 + -220. Let s be u + -1 + 0/4. Calculate the highest common factor of 42 and s.
14
Let m be (-183)/(-42)*82 + 24/(-84). What is the greatest common factor of m and 833?
119
Suppose g + 32 = -t + 6, 5*t + 99 = -4*g. Let v = g - -37. Calculate the greatest common factor of 8 and v.
2
Let n = 207 + -257. Let d = 70 - n. Calculate the highest common factor of 24 and d.
24
Let s be (88/(-28))/(4/48 + 31/(-84)). Let a(l) = 3*l + 4 - l**3 + 0*l**3 - 5 + l**2. Let m be a(2). Calculate the highest common factor of s and m.
1
Let n(b) = b**3 + 126*b**2 - 153*b + 411. Let u be n(-127). What is the highest common factor of u and 235?
47
Let s be (-11 - -15) + 8*118/4. Let m = s + -138. Calculate the greatest common divisor of m and 17.
17
Suppose 44*f = 13*f + 17*f + 9618. What is the greatest common divisor of 9160 and f?
229
Let l = -120 - -122. Suppose u - l*v = 62, 4*u - 230 = -v + 9. Calculate the highest common factor of 240 and u.
60
Suppose 0 = 4*q + 3*v - 7983, 2*q - 84*v = -86*v + 3992. Calculate the greatest common divisor of 210 and q.
105
Suppose 21*n - 4*j - 6388 = 19*n, -3*n + 2*j + 9566 = 0. What is the highest common divisor of 12 and n?
6
Let m(k) = -8*k**3 - 117*k**2 - 10*k + 8. Let g be m(-15). What is the highest common factor of g and 136?
17
Suppose -13754 = -37*q + 25*q - 1898. Calculate the highest common factor of q and 190.
38
Let t = 11994 + -11280. Calculate the highest common divisor of t and 609.
21
Let m = 30 + -27. Let c(h) = 2*h**2 + 103 + h**3 - 3*h**m - 104. Let a be c(-1). What is the greatest common divisor of a and 21?
3
Suppose 3*k - 21 = 3*z, 7*z + 17 = 2*k + 6*z. Suppose -11*u + k*u + 50 = 0. Calculate the highest common divisor of u and 10.
10
Suppose -4*l + 2*l = -24. Let w(j) = -65*j - 452. Let x be w(-7). Let m be (x - (-9)/(-9))*(2 + 2). Calculate the highest common factor of l and m.
4
Let j(p) = p**2 + 4*p - 2. Let k be j(-5). Let i be (4/12)/(-1*k/9). Let f be -5 + 6 - (i + -5). Calculate the greatest common divisor of f and 14.
7
Suppose 0 = 4*c + 2*v - 110, 27*v = 2*c + 24*v - 43. Let n be 574/4 + (-3)/6. Calculate the highest common factor of c and n.
13
Let t(g) = -2*g**2 - 81*g + 118. Let l be t(-36). Let u = l + -393. Calculate the highest common divisor of u and 91.
7
Let s(i) = -i**2 + 176*i - 1900. Let c be s(164). Let f(y) = 78*y**2 + 5*y - 3. Let h be f(5). Calculate the highest common factor of c and h.
68
Suppose 77*l - 68 = 73*l. Suppose -2*y = -n + 6*n - 15, 5*n - 4*y - 15 = 0. Suppose -n*q + 690 = 231. Calculate the greatest common divisor of q and l.
17
Suppose -80*y + 156 = -67*y. Suppose -y*j - 28*j + 600 = 0. Let a = -156 - -321. Calculate the greatest common divisor of a and j.
15
Suppose 8*s - 5*o = 3*s - 15, 3*s + 3*o = -9. Let f be (12/(4 - -2))/((-2)/s). Suppose 4*q = -f*q + 147. Calculate the greatest common factor of 105 and q.
21
Suppose -92198 + 92478 = 7*i. What is the highest common divisor of i and 500?
20
Suppose -4 = -0*u - u. Suppose -u*b - 24 = -28. Let q be (b + 2)*704/24. Calculate the greatest common divisor of q and 8.
8
Let r(c) = 23*c + 701. Let l be r(-27). What is the highest common divisor of l and 2120?
40
Let h be 1328*(-8)/(-16)*(-4 + 5). What is the highest common factor of h and 8?
8
Suppose -5622*n = -5919*n + 1485. Let v = -49 + 129. Suppose 0 = -3*y - 2*s - 3*s + v, -123 = -5*y + 2*s. Calculate the highest common divisor of y and n.
5
Let r = 20603 - 19327. Calculate the greatest common divisor of 484 and r.
44
Let w = -81577 - -81619. Let p(j) = j**3 - 3*j**2 - 2*j - 3. Let l be p(4). Suppose l*m - 525 = -0*m. What is the highest common divisor of w and m?
21
Let v be -54*(-105)/14*(3 - 8/3). Calculate the greatest common divisor of v and 18090.
135
Suppose -5*i + 990 = n, n - 3*n + 4*i + 1910 = 0. Suppose 699 = 8*f - n. Calculate the greatest common divisor of 78 and f.
26
Let c(v) = -32*v - 1. Let r be c(-2). Let i be 0 - (-3 + 3/(-9)*-15). Let b be 49/i*(-6)/21. Calculate the greatest common factor of b and r.
7
Suppose -257*y - 220 = -268*y. What is the greatest common divisor of y and 145?
5
Suppose 4*f = -5*l + 301, -155*l + 157*l - 70 = -f. Calculate the greatest common divisor of f and 2604.
84
Suppose -36765 = 55*g - 332940. Calculate the highest common factor of 45 and g.
15
Let a(x) = 4*x**2 - 116*x + 235. Let r be a(2). Calculate the highest common divisor of r and 931.
19
Let n be (-34)/(44/(-11) - 3260/(-816)). Calculate the greatest common factor of 24 and n.
24
Suppose 19*p = -6*p + 675. Suppose p*t = 29*t - 120. What is the highest common divisor of 12 and t?
12
Let k(s) = 3*s**2 + 11*s - 37. Let b be k(-6). Suppose 4*w = b*w - 35. Calculate the greatest common divisor of w and 14.
7
Let m = 36027 - 35997. What is the greatest common divisor of m and 12885?
15
Let u(x) = -3*x + 289. Let w(s) = -2*s + 193. Let b(z) = -5*u(z) + 8*w(z). Let i be b(24). Calculate the highest common factor of 125 and i.
25
Suppose -4*o + 8 = -0. Suppose g + 84 = o*g. Let h = -3077 - -3089. Calculate the highest common factor of h and g.
12
Suppose -2*q + 4*s + 4118 = 3244, 0 = 3*s - 3. Calculate the highest common factor of 1 and q.
1
Let f = 8 - 426. Let q = -394 - f. Calculate the highest common divisor of q and 504.
24
Let z(v) = -v**2 - 25*v + 21. Let s be z(-26). Let r(j) = j**2 - 2*j + 15. Let p be r(s). Calculate the highest common factor of p and 150.
50
Let l = -74 + 83. Let c be (-62)/(-6) + l/(-27). Calculate the highest common divisor of c and 6.
2
Suppose 24480 = 24*z - 12*z. Calculate the greatest common divisor of 306 and z.
102
Suppose 7*l + 13104 = 28*l. Suppose -24*c + 2184 + l = 0. Let m = 16 + 62. Calculate the greatest common factor of c and m.
39
Suppose 0 = 26*i - 31*i - 4*p + 354, -i = 5*p - 54. Suppose -2*r = b - 59, i = 5*r - 5*b - 96. Calculate the greatest common factor of 341 and r.
31
Suppose c = 4*m + 25 + 92, 0 = -2*m - 3*c - 69. Let o be (-70)/m + (-2)/(-3). Suppose 11*a - o*a - 104 = 0. Calculate the greatest common factor of 78 and a.
13
Let f be 86 + (0 + 1)*1*3. Let a = -56 + f. Let i be 35 - (-3)/((-6)/4). What is the greatest common divisor of a and i?
33
Let z = 51 - 33. Let m be (-1 + (-18)/(-8))/(27/108). Suppose 4*p = 2*p - 4*v + 58, -p + 32 = m*v. Calculate the greatest common factor of z and p.
9
Suppose 92143 = 52*o - 34529. What is the highest common factor of o and 168?
84
Let w = -195 - -291. Let o(p) = -8*p - 11. Let q be o(-9). Suppose 1 = -5*r + q. What is the greatest common factor of r and w?
12
Suppose 44 + 36 = 8*o. Let p(l) = 15*l - 142. Let y be p(o). What is the highest common divisor of 56 and y?
8
Suppose 18*f - 3*f - 1354 - 56 = 0. Calculate the highest common divisor of f and 94.
94
Let u = -6 - -25. Let g = -904 + 923. What is the highest common divisor of g and u?
19
Let h be (6 - 3)*(10 - (-2 + -3)). Suppose 0 = -2*w + 14. Suppose 2*l - 4*m - 7 = w, 3*m = 12. What is the highest common factor of h and l?
15
Let u(z) = 2*z**2 - 96*z + 1517. Let x be u(42). What is the highest common factor of 1 and x?
1
Suppose 184*a - 7660 - 4005 = 847. Let u = 10 + -2. Calculate the highest common divisor of u and a.
4
Let o(r) = -4*r**3 - 227*r**2 - 180*r + 123. Let m be o(-56). Let a(p) = p**3 + 10*p**2 + 4*p + 1. Let h be a(-5). What is the highest common factor of m and h?
53
Suppose -34*k + k + 59419 = -41066. Calculate the greatest common divisor of 84 and k.
21
Let a(f) = f**2 - 38*f - 89. Let r be a(45). What is the greatest common factor of r and 16?
2
Suppose -2*b + 8*l = 5*l - 617, 934 = 3*b + 4*l. Let c = 5503 + -5473. What is the highest common factor of b and c?
10
Let p = -899 + 1043. Calculate the highest common factor of p and 492.